{"id":2,"date":"2016-05-10T03:48:21","date_gmt":"2016-05-10T03:48:21","guid":{"rendered":"http:\/\/hebamme-christinekaiser.net\/?page_id=2"},"modified":"2021-01-22T20:13:11","modified_gmt":"2021-01-22T20:13:11","slug":"sample-page","status":"publish","type":"page","link":"http:\/\/hebamme-christinekaiser.net\/","title":{"rendered":"Herzlich willkommen"},"content":{"rendered":"<h1><span style=\"color: #800000;\"><strong>Wichtige Information:<\/strong><\/span><br \/>\n<span style=\"color: #800000;\"><strong>Leider ist es mir im Moment nicht m\u00f6glich, weitere Betreuungen\u00a0 zu \u00fcbernehmen<\/strong><\/span><\/h1>\n<p>Liebe werdende Eltern,<\/p>\n<p>die Geburt Ihres Kindes ist einer der wundervollsten und unvergesslichsten Augenblicke Ihres Lebens.<\/p>\n<p>Damit Sie dieser Zeit entspannt und zuversichtlich entgegenblicken k\u00f6nnen,<\/p>\n<ul>\n<li>werde ich Sie mit Rat und Tat in der Schwangerschaft begleiten.<br \/>\nAuch in der Zeit nach der Geburt m\u00f6chte ich f\u00fcr Sie Ansprechpartner sein und Sie unterst\u00fctzen.<\/li>\n<\/ul>\n<ul>\n<li>ist es f\u00fcr mich wichtig, Sie w\u00e4hrend der Schwangerschaft und nach der Geburt Ihres Kindes zuverl\u00e4ssig und kompetent zu begleiten und Sie in ihrer neuen Aufgabe als Eltern zu best\u00e4rken.<\/li>\n<\/ul>\n<p>Haben Sie noch Fragen an mich, dann <a href=\"http:\/\/hebamme-christinekaiser.net\/?page_id=27\">rufen Sie mich an oder schreiben Sie mir eine Mail<\/a> .<\/p>\n<p>Ich freue mich auf Sie und Ihr Kind.<\/p>\n","protected":false},"excerpt":{"rendered":"<p>Wichtige Information: Leider ist es mir im Moment nicht m\u00f6glich, weitere Betreuungen\u00a0 zu \u00fcbernehmen Liebe werdende Eltern, die Geburt Ihres Kindes ist einer der wundervollsten und unvergesslichsten Augenblicke Ihres Lebens. Damit Sie dieser Zeit entspannt und zuversichtlich entgegenblicken k\u00f6nnen, werde ich Sie mit Rat und Tat in der Schwangerschaft begleiten. Auch in der Zeit nach &hellip; <\/p>\n<p class=\"link-more\"><a href=\"http:\/\/hebamme-christinekaiser.net\/\" class=\"more-link\"><span class=\"screen-reader-text\">&#8222;Herzlich willkommen&#8220;<\/span> weiterlesen<\/a><\/p>\n","protected":false},"author":1,"featured_media":0,"parent":0,"menu_order":0,"comment_status":"closed","ping_status":"open","template":"","meta":[],"_links":{"self":[{"href":"http:\/\/hebamme-christinekaiser.net\/index.php?rest_route=\/wp\/v2\/pages\/2"}],"collection":[{"href":"http:\/\/hebamme-christinekaiser.net\/index.php?rest_route=\/wp\/v2\/pages"}],"about":[{"href":"http:\/\/hebamme-christinekaiser.net\/index.php?rest_route=\/wp\/v2\/types\/page"}],"author":[{"embeddable":true,"href":"http:\/\/hebamme-christinekaiser.net\/index.php?rest_route=\/wp\/v2\/users\/1"}],"replies":[{"embeddable":true,"href":"http:\/\/hebamme-christinekaiser.net\/index.php?rest_route=%2Fwp%2Fv2%2Fcomments&post=2"}],"version-history":[{"count":12,"href":"http:\/\/hebamme-christinekaiser.net\/index.php?rest_route=\/wp\/v2\/pages\/2\/revisions"}],"predecessor-version":[{"id":112,"href":"http:\/\/hebamme-christinekaiser.net\/index.php?rest_route=\/wp\/v2\/pages\/2\/revisions\/112"}],"wp:attachment":[{"href":"http:\/\/hebamme-christinekaiser.net\/index.php?rest_route=%2Fwp%2Fv2%2Fmedia&parent=2"}],"curies":[{"name":"wp","href":"https:\/\/api.w.org\/{rel}","templated":true}]}}